ors of 188480?
2, 5, 19, 31
What are the prime factors of 137499?
3, 45833
What are the prime factors of 1300554?
2, 3, 72253
List the prime factors of 224352.
2, 3, 19, 41
What are the prime factors of 116351?
116351
List the prime factors of 246444.
2, 3, 11, 1867
What are the prime factors of 282326?
2, 11, 41, 313
What are the prime factors of 5969765?
5, 23, 37, 61
What are the prime factors of 3093497?
11, 281227
List the prime factors of 2694318.
2, 3, 11, 40823
What are the prime factors of 29950309?
31, 966139
List the prime factors of 181984.
2, 11, 47
What are the prime factors of 87896?
2, 10987
What are the prime factors of 13074332?
2, 109, 157, 191
What are the prime factors of 699963?
3, 11, 21211
What are the prime factors of 268867?
313, 859
List the prime factors of 1253759.
13, 96443
What are the prime factors of 1709557?
31, 55147
List the prime factors of 115250.
2, 5, 461
What are the prime factors of 79640?
2, 5, 11, 181
List the prime factors of 20982278.
2, 10491139
List the prime factors of 364877.
113, 3229
List the prime factors of 609889.
7, 151, 577
What are the prime factors of 4130907?
3, 11, 151, 829
List the prime factors of 5439075.
3, 5, 47, 1543
List the prime factors of 69136.
2, 29, 149
What are the prime factors of 26673105?
3, 5, 73, 24359
What are the prime factors of 643971?
3, 214657
What are the prime factors of 8941882?
2, 71, 62971
List the prime factors of 233935.
5, 13, 59, 61
List the prime factors of 2848287.
3, 13, 199, 367
List the prime factors of 42219809.
739, 57131
What are the prime factors of 3366471?
3, 1122157
List the prime factors of 31521334.
2, 13, 883, 1373
List the prime factors of 184330.
2, 5, 18433
List the prime factors of 28028683.
953, 29411
List the prime factors of 24205016.
2, 11, 23, 11959
List the prime factors of 545506.
2, 13, 20981
What are the prime factors of 15384966?
2, 3, 17, 150833
What are the prime factors of 356911?
61, 5851
What are the prime factors of 4716374?
2, 13, 181399
List the prime factors of 4764550.
2, 5, 7, 13613
List the prime factors of 4500786.
2, 3, 750131
What are the prime factors of 4243349?
11, 35069
List the prime factors of 27319228.
2, 73, 93559
List the prime factors of 12631410.
2, 3, 5, 11, 4253
What are the prime factors of 1085441?
7, 29, 5347
What are the prime factors of 257148?
2, 3, 2381
List the prime factors of 6761430.
2, 3, 5, 13, 5779
What are the prime factors of 467185?
5, 223, 419
What are the prime factors of 193883?
193883
List the prime factors of 1775491.
1775491
What are the prime factors of 23593?
23593
What are the prime factors of 332703?
3, 7, 5281
List the prime factors of 20031939.
3, 2225771
List the prime factors of 730246.
2, 11, 19, 1747
What are the prime factors of 422533?
23, 18371
List the prime factors of 186355.
5, 13, 47, 61
What are the prime factors of 14261409?
3, 157, 10093
List the prime factors of 507148.
2, 19, 6673
List the prime factors of 1431818.
2, 715909
What are the prime factors of 5840580?
2, 3, 5, 311, 313
List the prime factors of 4235481.
3, 470609
List the prime factors of 596722.
2, 7, 6089
List the prime factors of 3607372.
2, 251, 3593
List the prime factors of 13224354.
2, 3, 11, 13, 15413
What are the prime factors of 8160205?
5, 1632041
List the prime factors of 13978627.
13, 1075279
What are the prime factors of 169460?
2, 5, 37, 229
List the prime factors of 6171860.
2, 5, 421, 733
List the prime factors of 8415978.
2, 3, 107, 13109
What are the prime factors of 26892327?
3, 7, 11, 16631
List the prime factors of 1250434.
2, 673, 929
List the prime factors of 2251906.
2, 1125953
What are the prime factors of 10487815?
5, 13, 47, 3433
List the prime factors of 16082316.
2, 3, 446731
What are the prime factors of 996256?
2, 163, 191
List the prime factors of 117665.
5, 101, 233
What are the prime factors of 1111546?
2, 647, 859
List the prime factors of 226632.
2, 3, 7, 19, 71
List the prime factors of 12552279.
3, 839, 4987
What are the prime factors of 19486880?
2, 5, 7, 127, 137
What are the prime factors of 501688?
2, 11, 5701
What are the prime factors of 630389?
443, 1423
List the prime factors of 151557.
3, 7, 1031
What are the prime factors of 68093?
149, 457
What are the prime factors of 4649966?
2, 1429, 1627
List the prime factors of 6794.
2, 43, 79
List the prime factors of 1192770.
2, 3, 5, 29, 457
What are the prime factors of 1502545?
5, 11, 17, 1607
List the prime factors of 7728926.
2, 3864463
List the prime factors of 948628.
2, 237157
List the prime factors of 412452.
2, 3, 19, 67
What are the prime factors of 273379?
167, 1637
What are the prime factors of 248562?
2, 3, 4603
What are the prime factors of 3522549?
3, 113, 10391
List the prime factors of 16217118.
2, 3, 300317
List the prime factors of 4965479.
17, 19, 15373
List the prime factors of 13583793.
3, 101, 127, 353
What are the prime factors of 144508?
2, 7, 13, 397
What are the prime factors of 2276347?
421, 5407
What are the prime factors of 2817759?
3, 7, 109, 1231
What are the prime factors of 335651?
59, 5689
What are the prime factors of 279785?
5, 11, 5087
List the prime factors of 1460928.
2, 3, 7, 1087
What are the prime factors of 190697?
13, 14669
List the prime factors of 2794380.
2, 3, 5, 46573
List the prime factors of 20067767.
149, 134683
List the prime factors of 463530.
2, 3, 5, 15451
What are the prime factors of 7995215?
5, 457, 3499
List the prime factors of 373276.
2, 93319
List the prime factors of 7645868.
2, 1911467
List the prime factors of 13759709.
61, 225569
What are the prime factors of 23633?
23633
List the prime factors of 188983.
188983
What are the prime factors of 213512?
2, 13, 2053
List the prime factors of 167802.
2, 3, 27967
What are the prime factors of 5275264?
2, 41213
What are the prime factors of 16770734?
2, 293, 28619
What are the prime factors of 3149261?
3149261
List the prime factors of 139753.
139753
List the prime factors of 859317.
3, 107, 2677
What are the prime factors of 15087039?
3, 11, 457183
What are the prime factors of 5273925?
3, 5, 19, 3701
List the prime factors of 339652.
2, 84913
List the prime factors of 16883435.
5, 3376687
What are the prime factors of 207547?
207547
List the prime factors of 9710599.
71, 136769
List the prime factors of 105635.
5, 37, 571
List the prime factors of 714798.
2, 3, 7, 31, 61
What are the prime factors of 1669899?
3, 7, 11, 7229
What are the prime factors of 294777?
3, 7, 4679
What are the prime factors of 4202252?
2, 1050563
What are the prime factors of 20322019?
31, 41, 59, 271
List the prime factors of 3362805.
3, 5, 74729
List the prime factors of 10724625.
3, 5, 9533
What are the prime factors of 3175579?
11, 288689
What are the prime factors of 244016?
2, 101, 151
List the prime factors of 5466074.
2, 43, 63559
List the prime factors of 4997657.
7, 29, 3517
What are the prime factors of 977402?
2, 488701
List the prime factors of 55429.
11, 5039
List the prime factors of 16439159.
11, 107, 13967
What are the prime factors of 5870914?
2, 7, 419351
List the prime factors of 4137339.
3, 53, 26021
What are the prime factors of 1685166?
2, 3, 7, 40123
What are the prime factors of 353301?
3, 13, 9059
What are the prime factors of 465637?
41, 277
What are the prime factors of 257681?
167, 1543
List the prime factors of 175600.
2, 5, 439
List the prime factors of 4933588.
2, 11, 31, 3617
What are the prime factors of 1976359?
7, 11, 25667
What are the prime factors of 93391?
61, 1531
What are the prime factors of 122543?
31, 59, 67
List the prime factors of 1731369.
3, 577123
What are the prime factors of 457082?
2, 449, 509
What are the prime factors of 470754?
2, 3, 26153
List the prime factors of 4498439.
11, 101, 4049
What are the prime factors of 16272546?
2, 3, 23, 117917
List the prime factors of 177014.
2, 67, 1321
List the prime factors of 13449850.
2, 5, 268997
List the prime factors of 16601179.
7, 239, 9923
List the prime factors of 30280937.
79, 383303
What are the prime factors of 514672?
2, 19, 1693
List the prime factors of 123575.
5, 4943
What are the prime factors of 1132309?
1132309
What are the prime factors of 13962990?
2, 3, 5, 465433
List the prime factors of 1042